4 is divided by r?
16
Suppose -5*j + 139 = 34. Let w(h) = -h**2 + 62. Calculate the remainder when w(0) is divided by j.
20
Suppose -34*x + 38*x - 560 = 0. What is the remainder when x is divided by 36?
32
Suppose -9*n + 112 = -n. Calculate the remainder when 37 is divided by n.
9
What is the remainder when 47 is divided by (15/(-15) - (-3 - 0)) + 3?
2
Suppose -t + 35 = -32. What is the remainder when t is divided by 10?
7
Suppose -2*c + 0*c + 12 = 0. Let l = c - 3. Calculate the remainder when 13 is divided by 21*l/9*1.
6
Calculate the remainder when 1/(3/70)*(-9)/(-6) is divided by 19.
16
Suppose -5*k + 13*k - 376 = 0. Calculate the remainder when k is divided by 12.
11
Let g(n) be the third derivative of -3/20*n**5 + 0 - 3/8*n**4 - 1/120*n**6 - 4*n**2 - n**3 + 0*n. What is the remainder when 2 is divided by g(-8)?
0
Let o(b) = b**3 - 5*b**2 + 3*b + 4. Let w be o(4). Suppose 5*u + w = 20. What is the remainder when 10 is divided by u?
2
Suppose t - 8 = 8. Let f(r) = -r**3 + 8*r**2 - 10*r + 5. What is the remainder when f(4) is divided by t?
13
Suppose 0*b - 21 = -3*b. Calculate the remainder when 13 is divided by b.
6
What is the remainder when 2 is divided by 3/3*(-1)/(-1)?
0
Suppose 0 = -5*h - 2*a, 0 = -0*h - 2*h - a. Suppose -3*y - 3*p + 120 = h, -y + p + 40 = -0. What is the remainder when y is divided by 21?
19
Let u(o) = -o**3 + 5*o**2 + 6*o. What is the remainder when u(3) is divided by 10?
6
Suppose -5*u + u - 6 = 5*d, -3*d - 6 = 0. What is the remainder when u is divided by 1?
0
Suppose z = 3*z - 2*k - 348, 0 = 3*z + 4*k - 529. Calculate the remainder when z is divided by 22.
21
Suppose -6*n = -184 + 22. Calculate the remainder when 79 is divided by n.
25
Let m be (-6)/4*42/(-7). Let k = m - 2. What is the remainder when k is divided by 5?
2
Let s(a) = a**3 - 7*a**2 + 4. Let z be s(7). Suppose -z*y + 2 = -18. Suppose 210 = y*g - 0*g. Calculate the remainder when g is divided by 15.
12
Suppose -2*b + 22 + 12 = 0. Suppose 0 = 5*s - 23 - b. Suppose -2*g + s + 22 = 4*x, -4*x = -4*g + 84. What is the remainder when g is divided by 7?
5
Let j(c) = -c**2 - 7*c - 5. Let o be j(-5). Suppose -o*l + f = -2*f - 12, 3*l - 4*f - 5 = 0. What is the remainder when l is divided by (-6)/(-4) - 1/(-2)?
1
Suppose 0*u + 2 = -2*u, 3*u + 13 = 5*v. Suppose 6 - v = 2*j. Calculate the remainder when 6 is divided by j.
0
Calculate the remainder when 114 is divided by ((-116)/(-8))/((-3)/(-6)).
27
Suppose -3*h - 6 = -0*h. What is the remainder when 20 is divided by 6/(-9)*21/h?
6
Suppose -4*j + 1 - 9 = 0. Suppose -4*l + 33 = -15. Calculate the remainder when (46/4)/(j/(-4)) is divided by l.
11
Let a = 3 - -2. Let s = 2 - -2. What is the remainder when a is divided by s?
1
Let o(b) = b**3 + 1. Let z be o(1). Suppose -127 + 35 = -z*g. Suppose 0 = 3*q - 4*q + 16. What is the remainder when g is divided by q?
14
Let k = -20 - -29. Let f be 1*2/((-6)/(-15)). Suppose -5*x - 3 = 4*t, 2*x + 3*x = f*t - 30. What is the remainder when k is divided by t?
0
Let f(x) be the third derivative of 0 + 1/60*x**5 + x**2 + 0*x + 1/24*x**4 - 1/6*x**3. Calculate the remainder when 2 is divided by f(1).
0
Suppose 3 = -0*l + 3*l. Let k = l + 2. What is the remainder when 5 is divided by k?
2
Let m(i) = 2*i**2 - 2*i + 1. Calculate the remainder when 48 is divided by m(-2).
9
Let t(y) = y**2 + 5*y + 6. Let u be t(-4). Suppose -u*v + m + 49 = 0, -2*m - 3*m + 115 = 5*v. What is the remainder when v is divided by 6/(-3) - (-1 - 14)?
11
Let k(t) = 4*t**3 + 9*t**2 - 11*t - 8. Let l(c) = -7*c**3 - 18*c**2 + 22*c + 16. Let i(q) = -5*k(q) - 3*l(q). What is the remainder when 3 is divided by i(-10)?
1
Let r = 20 + -17. Let w = 7 + r. Calculate the remainder when 49 is divided by w.
9
Let s(g) = -g**2 + 9*g - 14. What is the remainder when 43 is divided by s(3)?
3
Let q = 2 - 9. Let u(y) = -y**2 - 8*y - 4. Let h be u(q). Suppose 5*a = -h*m + 65, -m = m + 10. Calculate the remainder when a is divided by 9.
7
Let i be ((-6)/15)/(1/(-5)). Suppose 5 = y - i. Calculate the remainder when 2/(-1) - 44/(-2) is divided by y.
6
Let g(f) = f**2 + 6*f - 9. Let d = -5 - 3. Calculate the remainder when 11 is divided by g(d).
4
Let y = 12 - 8. What is the remainder when ((-77)/55)/(0 + 3/(-15)) is divided by y?
3
Suppose -5*j = -j - 8. Suppose 2*u = -u + 4*p + 14, 3*u - 2*p = 16. Calculate the remainder when u is divided by j.
0
Suppose -8*v + 3*v = -4*x + 83, -2*x + 25 = 3*v. What is the remainder when x is divided by 9?
8
Let c(l) = -8*l - 3. What is the remainder when c(-6) is divided by ((-2)/3)/(4/(-138))?
22
Let d(w) = 2*w - 14. Let b = 32 + -21. Suppose 5*q + 5*j - 14 = 4*q, 3*q - 42 = -5*j. What is the remainder when q is divided by d(b)?
6
Suppose j + 2*q = 3, 0 = 5*j - 0*q + 5*q - 15. Suppose -73 = -4*v + j. What is the remainder when 74 is divided by v?
17
Let w(g) = 6*g**3 - 2*g**2 + 4*g. Let p be w(3). Suppose 7*l - 3*l - p = 0. Suppose l = d + 2*d. What is the remainder when 25 is divided by d?
12
Suppose -d + 342 = 2*d. Let u = 96 - 73. Calculate the remainder when u is divided by 4/(-6) + d/9.
11
Let w be (15/10)/((-1)/(-26)). Suppose 4*h = 127 - w. What is the remainder when h is divided by 12?
10
Suppose 4*j + 5*c - 4 = 8, 2*c = -j. Let u = j + -6. Calculate the remainder when u is divided by 1.
0
Suppose 0 = -4*k + 3*k + 80. Suppose -r + k = 4*r. Calculate the remainder when 46 is divided by r.
14
Let p(v) = -v**2 - 2*v + 4. Let j be p(-4). Let g(n) = 3*n**2 + 7*n + 5. What is the remainder when g(j) is divided by 9?
7
Calculate the remainder when 250/6 - (-22)/(-33) is divided by 15.
11
Suppose -13 = b - 2*v - 0*v, -20 = 5*b + 5*v. Calculate the remainder when 10 is divided by 4/(-4)*3 - b.
2
Let d(v) = -v**2 + 10*v - 4. What is the remainder when 48 is divided by d(7)?
14
Let m(l) = -9*l + 4. Let g(p) = -8*p + 3. Let o(x) = -5*g(x) + 4*m(x). Calculate the remainder when o(8) is divided by 18.
15
Let b = 238 + -227. Let o(s) = 5 - 1 - 2 - 3*s. Calculate the remainder when o(-6) is divided by b.
9
Suppose -8*g + 12 = -4*g + 4*m, -3*m = 0. Calculate the remainder when 32/5 - (-4)/(-10) is divided by g.
0
Suppose -4*a - 20 = 0, 5*z = 4*a + 70 + 105. Calculate the remainder when 45 is divided by z.
14
Let d(j) = -j**3 - 4*j**2 + j - 4. Let o be (7/(-4))/((-3)/48). Let t = 75 - o. What is the remainder when t is divided by d(-5)?
15
Let d = 55 + -33. What is the remainder when 49*(-1 + (-26)/(-14)) is divided by d?
20
Let m(n) = -n**2 + 10*n. Let r = -123 - -184. What is the remainder when r is divided by m(8)?
13
Suppose 3*v - 32 = -t, 0 = -3*v + t + 5 + 23. Suppose -r + 0*r = -7. Let c(q) = q**2 - 5*q + 5. Calculate the remainder when c(r) is divided by v.
9
Suppose 263 + 337 = 6*o. What is the remainder when o is divided by 17?
15
Let d(q) = q**3 + 14*q**2 + 11*q + 2. Let o be d(-13). Suppose -24 = 25*f - o*f. Calculate the remainder when 21 is divided by f.
5
Let w(c) = -c**2 + 4*c - 1. Let t be w(3). Suppose 5*h = t*h + 36. Calculate the remainder when 45 is divided by h.
9
Let p = 7 + 6. Calculate the remainder when p is divided by 4.
1
Suppose -12*f + 14*f = 206. What is the remainder when f is divided by 22?
15
Suppose -3*r + 120 = 51. Suppose -6*q + 3*q = 0. Suppose -k + 3*k - 16 = q. What is the remainder when r is divided by k?
7
Let u(o) = 39*o - 12. Let q(v) = -10*v + 3. Let b(g) = 15*q(g) + 4*u(g). Let a be b(4). Calculate the remainder when 834/a - (-2)/7 is divided by 14.
12
What is the remainder when (55/(-3) + 2)/(1/(-3)) is divided by 26?
23
Let f be (-10)/(-20) - (-1)/(-2). Suppose 16 = 2*g - f. Calculate the remainder when g is divided by 6.
2
Suppose -10*g - 13 = -133. What is the remainder when (-3)/3*(-59)/1 is divided by g?
11
Suppose -l + 5*w = -37, -3*l + 0*w + 55 = -w. Let o = l + -10. What is the remainder when o is divided by 4?
3
Let d = 6 + -2. Suppose 8*z - d*z - 105 = -5*p, 0 = 4*p + 12. Let t(q) = -q + 9. What is the remainder when z is divided by t(-7)?
14
Suppose -5*l + 91 = 11. Suppose 0 = -3*q - a, 4*q - 2*a - 2*a = 0. Suppose -2*k + 4*k + 4 = q, -33 = -3*u + 3*k. Calculate the remainder when l is divided by u.
7
What is the remainder when 2/(-11) + 3240/33 is divided by 20?
18
Let t(s) = 3*s - 46. What is the remainder when 7 is divided by t(17)?
2
Le